{"id":197,"date":"2019-04-23T09:18:39","date_gmt":"2019-04-23T09:18:39","guid":{"rendered":"http:\/\/buchhandlung-saatgut.de\/?page_id=197"},"modified":"2025-02-28T13:52:29","modified_gmt":"2025-02-28T13:52:29","slug":"aktuelles-2","status":"publish","type":"page","link":"https:\/\/buchhandlung-saatgut.de\/?page_id=197","title":{"rendered":"Aktuelles"},"content":{"rendered":"\n<h2 class=\"has-text-align-center has-luminous-vivid-orange-color has-text-color wp-block-heading\"><strong>Londji steht f\u00fcr einzigartige Designs<\/strong><\/h2>\n\n\n\n<p class=\"has-text-align-center\">Die spanische Marke Londji hat sich durch besonders kreativ gestaltete Puzzles, Brettspiele und Kartenspiele einen Namen gemacht. Die Illustrationen begeistern mit gro\u00dfer Liebe zum Detail und heben sich unverwechselbar von anderen Marken ab. Die Motive sind herrlich verr\u00fcckt und mit viel Liebe zauberhaft illustriert. Das beginnt bei Londji immer schon bei der Verpackung, die immer sehr kreativ und optisch ungemein ansprechend ist.<\/p>\n\n\n\n<figure class=\"wp-block-image size-large is-resized\"><img loading=\"lazy\" decoding=\"async\" src=\"http:\/\/buchhandlung-saatgut.de\/wp-content\/uploads\/2025\/01\/londji-1024x618.jpg\" alt=\"\" class=\"wp-image-1986\" width=\"770\" height=\"464\" srcset=\"https:\/\/buchhandlung-saatgut.de\/wp-content\/uploads\/2025\/01\/londji-1024x618.jpg 1024w, https:\/\/buchhandlung-saatgut.de\/wp-content\/uploads\/2025\/01\/londji-300x181.jpg 300w, https:\/\/buchhandlung-saatgut.de\/wp-content\/uploads\/2025\/01\/londji-768x463.jpg 768w, https:\/\/buchhandlung-saatgut.de\/wp-content\/uploads\/2025\/01\/londji-1536x926.jpg 1536w, https:\/\/buchhandlung-saatgut.de\/wp-content\/uploads\/2025\/01\/londji-2048x1235.jpg 2048w\" sizes=\"auto, (max-width: 706px) 89vw, (max-width: 767px) 82vw, 740px\" \/><\/figure>\n\n\n\n<p class=\"has-text-align-center has-medium-font-size\"><strong>Rafik Schami: &#8222;Aufwachen!&#8220;<\/strong><\/p>\n\n\n\n<p class=\"has-text-align-center has-medium-font-size\">29. November 2024 Rafik Schami<\/p>\n\n\n\n<p class=\"has-medium-font-size\">In einem flammenden Appell zeigt Schriftsteller Rafik Schami, warum es so wichtig ist, sich f\u00fcr den lokalen Buchhandel einzusetzen \u2013 er ist&nbsp;das &#8222;kulturelle Herzst\u00fcck einer Stadt&#8220;.&nbsp;Ich bin als Autor seit genau 42 Jahren unterwegs. In Deutschland und \u00d6sterreich und der Schweiz. Und ich betrachte mit zunehmender Sorge, dass die Innenst\u00e4dte sterben. In allen St\u00e4dten. Es gibt keine einzige Ausnahme. &nbsp;<br><br>Ich lebe selbst in der N\u00e4he einer solchen Stadt, die hei\u00dft Kirchheimbolanden. Das ist eine wundersch\u00f6ne pf\u00e4lzische Stadt, die lange Jahre von den Franzosen beherrscht wurde. Im Auftrag des Kaisers Napoleon wurde von 1807 bis 1811 die alte R\u00f6merstra\u00dfe zur Kaiserstra\u00dfe &#8222;Route Imp\u00e9riale&#8220; ausgebaut, die von Mainz nach Paris f\u00fchrte und bis heute in vielen D\u00f6rfern und Gemeinden &#8222;Kaiserstra\u00dfe&#8220; hei\u00dft. Und auch in dieser historischen Stadt ist eine Buchhandlung in Konkurs gegangen. Eine Innenstadt mit Handwerkern, mit kleinen L\u00e4dchen, mit Lebensmitteln, mit Buchhandlungen wird immer seltener. Wenn Sie in der Schweiz einmal nach Bern kommen: Unter den Arkaden dort sehen Sie, wie sch\u00f6n eine Innenstadt sein kann.<\/p>\n\n\n\n<p class=\"has-medium-font-size\">Ich verteidige die Buchhandlungen, weil hier eine gro\u00dfe, gro\u00dfe Sache zugrunde geht, wenn wir nicht aufwachen. Sie m\u00f6gen jetzt denken: &#8222;Ja, was erz\u00e4hlt der uns? Tr\u00e4gt er Eulen nach Athen? Wir lieben doch die Buchhandlungen. Wir sitzen sogar auf den Treppen einer solchen.&#8220;<\/p>\n\n\n\n<p class=\"has-medium-font-size\">Nein, ich trage keine Eulen nach Athen, sondern einen Distelfinken aus Damaskus nach Hamburg und in andere St\u00e4dte Deutschlands. Sie werden sp\u00e4ter sehen, warum ich von einem Distelfinken spreche.<\/p>\n\n\n\n<p class=\"has-medium-font-size\">Eine Buchhandlung ist das kulturelle Herzst\u00fcck einer Stadt. Sie verkauft nicht nur B\u00fccher und ber\u00e4t die Kunden, bis sie genau das Buch finden, das sie suchen, sondern sie bringt die Kultur in die Stadt.&nbsp;Es reicht nicht, dass Sie wissen, wie wichtig eine Buchhandlung vor Ort ist. Sie m\u00fcssen es in Ihrer Umgebung weitererz\u00e4hlen.<\/p>\n\n\n\n<p class=\"has-medium-font-size\">Wof\u00fcr ich kein Verst\u00e4ndnis aufbringe: Die Milliard\u00e4re, die ihr Geld im Internet verdienen, veranstalten keine einzige Lesung in der ganzen Bundesrepublik. Sie zahlen kaum Steuern, weil die EU es ihnen erlaubt, Millionen in diesem Land hier zu verdienen, um dann minimale Steuern in Irland zu bezahlen. Sie bereichern sich im Grunde auf unsere Kosten, weil sie unsere Stra\u00dfen, unsere Luft belasten und selbst nichts zur Kultur beitragen, keine einzige Veranstaltung.<\/p>\n\n\n\n<p class=\"has-medium-font-size\">Wof\u00fcr ich ebenfalls kein Verst\u00e4ndnis habe, das ist das Bestellen beim Riesen im Internet. Man muss in seiner Buchhandlung bestellen. In Deutschland gibt es eine geniale Erfindung, die Preisbindung hei\u00dft. Preisbindung bedeutet: Das Buch kostet \u00fcberall dasselbe, egal, wo Sie das Buch kaufen, ob im Supermarkt oder in einer Buchhandlung oder im Internet. Es gibt also keinen Grund, warum man nicht in der Buchhandlung vor Ort bestellen sollte. Oder \u00fcber deren Onlineshop. Und Buchhandlungen sind schnell. Innerhalb von 24 Stunden bekommen Sie Ihr Buch. Nur die Apotheker sind schneller. Gott sei Dank.&nbsp;<\/p>\n\n\n\n<p class=\"has-medium-font-size\">Mit Ihrem Kauf sorgen Sie f\u00fcr den Erhalt der Buchhandlungen, die st\u00e4ndig steigende Mieten bezahlen und ihre Mitarbeiter finanzieren m\u00fcssen. Zum Gl\u00fcck tun Sie das. Dadurch, dass Sie ein Buch oder viele B\u00fccher kaufen. Auch deshalb pl\u00e4diere ich f\u00fcr die Unterst\u00fctzung der Buchhandlungen.<\/p>\n\n\n\n<p class=\"has-medium-font-size\">Und welche Rolle spielt nun der Distelfink bei alledem? Es reicht nicht, dass Sie wissen, wie wichtig eine Buchhandlung vor Ort ist. Sie m\u00fcssen es in Ihrer Umgebung weitererz\u00e4hlen. Ich habe das mit Erfolg praktiziert und habe erreicht, dass auch viele Jugendliche nun eine Buchhandlung aufsuchen. Einer ist auf meinen Rat hin wirklich zum allerersten Mal in eine Buchhandlung gegangen. Er hatte zuerst Hemmungen und war dann \u00fcberrascht, wie freundlich es dort zuging. Niemand bedr\u00e4ngte ihn, und wenn er Beratung ben\u00f6tigte, bekam er sie.<\/p>\n\n\n\n<p class=\"has-medium-font-size\">Daher: Setzen Sie sich f\u00fcr den Buchhandel vor Ort ein, bitte. Es geht nichts von allein. Sagen Sie es allen, &#8222;singen&#8220; Sie es weiter wie ein Distelfink.<\/p>\n\n\n\n<div class=\"wp-block-image\"><figure class=\"aligncenter size-full\"><img loading=\"lazy\" decoding=\"async\" width=\"465\" height=\"350\" src=\"http:\/\/buchhandlung-saatgut.de\/wp-content\/uploads\/2024\/12\/grafik.png\" alt=\"\" class=\"wp-image-1925\" srcset=\"https:\/\/buchhandlung-saatgut.de\/wp-content\/uploads\/2024\/12\/grafik.png 465w, https:\/\/buchhandlung-saatgut.de\/wp-content\/uploads\/2024\/12\/grafik-300x226.png 300w\" sizes=\"auto, (max-width: 465px) 100vw, 465px\" \/><\/figure><\/div>\n\n\n\n<p><\/p>\n\n\n\n<p><a rel=\"noreferrer noopener\" target=\"_blank\" href=\"https:\/\/play.google.com\/store\/apps\/details?id=de.buchpicker.buchpicker&amp;gl=DE\"><\/a><\/p>\n\n\n\n<h4 class=\"wp-block-heading\"><\/h4>\n\n\n\n<p><\/p>\n\n\n\n<p class=\"has-text-align-center has-vivid-red-color has-text-color has-medium-font-size\"><strong>Ab sofort kann ich Euch mit den CoLibri-Buchschonern einen &#8222;Ma\u00dfanzug f\u00fcr Eure B\u00fccher&#8220; anbieten ! <\/strong><\/p>\n\n\n\n<p class=\"has-text-align-center has-luminous-vivid-orange-color has-text-color has-medium-font-size\"><\/p>\n\n\n\n<p class=\"has-text-align-center has-luminous-vivid-orange-color has-text-color has-medium-font-size\"><\/p>\n\n\n\n<p class=\"has-text-align-center has-luminous-vivid-orange-color has-text-color has-medium-font-size\">Am Freitag, den 3. M\u00e4rz 2023 war es endlich so weit:<\/p>\n\n\n\n<p class=\"has-text-align-center has-luminous-vivid-orange-color has-text-color has-medium-font-size\">Unsere erste Lesenacht mit den Kindern des Leseclubs!<\/p>\n\n\n\n<p class=\"has-text-align-center has-luminous-vivid-orange-color has-text-color has-medium-font-size\">Vom Gruselkrimi bis Philosophie war alles mit dabei!<\/p>\n\n\n\n<figure class=\"wp-block-image size-large is-resized\"><img loading=\"lazy\" decoding=\"async\" src=\"http:\/\/buchhandlung-saatgut.de\/wp-content\/uploads\/2023\/03\/IMG_0568-002-1024x1024.jpg\" alt=\"\" class=\"wp-image-1612\" width=\"767\" height=\"767\" srcset=\"https:\/\/buchhandlung-saatgut.de\/wp-content\/uploads\/2023\/03\/IMG_0568-002-1024x1024.jpg 1024w, https:\/\/buchhandlung-saatgut.de\/wp-content\/uploads\/2023\/03\/IMG_0568-002-300x300.jpg 300w, https:\/\/buchhandlung-saatgut.de\/wp-content\/uploads\/2023\/03\/IMG_0568-002-150x150.jpg 150w, https:\/\/buchhandlung-saatgut.de\/wp-content\/uploads\/2023\/03\/IMG_0568-002-768x768.jpg 768w, https:\/\/buchhandlung-saatgut.de\/wp-content\/uploads\/2023\/03\/IMG_0568-002-1536x1536.jpg 1536w, https:\/\/buchhandlung-saatgut.de\/wp-content\/uploads\/2023\/03\/IMG_0568-002-2048x2048.jpg 2048w, https:\/\/buchhandlung-saatgut.de\/wp-content\/uploads\/2023\/03\/IMG_0568-002-100x100.jpg 100w\" sizes=\"auto, (max-width: 706px) 89vw, (max-width: 767px) 82vw, 740px\" \/><\/figure>\n\n\n\n<figure class=\"wp-block-image size-large is-resized\"><img loading=\"lazy\" decoding=\"async\" src=\"http:\/\/buchhandlung-saatgut.de\/wp-content\/uploads\/2023\/06\/20230606_1402060-1024x576.jpg\" alt=\"\" class=\"wp-image-1679\" width=\"641\" height=\"360\" srcset=\"https:\/\/buchhandlung-saatgut.de\/wp-content\/uploads\/2023\/06\/20230606_1402060-1024x576.jpg 1024w, https:\/\/buchhandlung-saatgut.de\/wp-content\/uploads\/2023\/06\/20230606_1402060-300x169.jpg 300w, https:\/\/buchhandlung-saatgut.de\/wp-content\/uploads\/2023\/06\/20230606_1402060-768x432.jpg 768w, https:\/\/buchhandlung-saatgut.de\/wp-content\/uploads\/2023\/06\/20230606_1402060-1536x864.jpg 1536w, https:\/\/buchhandlung-saatgut.de\/wp-content\/uploads\/2023\/06\/20230606_1402060-2048x1152.jpg 2048w\" sizes=\"auto, (max-width: 641px) 100vw, 641px\" \/><figcaption>Am Dienstag, den 06.06. 2023 besuchte uns der B\u00fcrgermeister von Bad Schandau Herr Kunack.<\/figcaption><\/figure>\n\n\n\n<p class=\"has-text-align-center has-luminous-vivid-orange-color has-text-color\">Vielen Dank f\u00fcr die kurzweilige, sehr interessante Lesestunde, wo wir auch erfahren haben, wer Gretel ist &#8230; :))<\/p>\n\n\n\n<p class=\"has-text-align-center has-text-color has-medium-font-size\" style=\"color:#2200a3\"><strong>Wer B\u00fccher schenkt, schenkt Wertpapiere.  <\/strong><\/p>\n\n\n\n<p class=\"has-text-align-center has-text-color\" style=\"color:#003ba3\">  Erich K\u00e4stner<\/p>\n\n\n\n<p class=\"has-text-align-center has-vivid-cyan-blue-color has-text-color has-medium-font-size\"><strong>10 Gr\u00fcnde warum lesen wertvoll ist:<\/strong><\/p>\n\n\n\n<p class=\"has-text-align-center has-luminous-vivid-orange-color has-text-color\"><strong>1. Lesen schafft Zugang zu Wissen.<\/strong><\/p>\n\n\n\n<p class=\"has-text-align-center has-pale-pink-color has-text-color\"><strong>2. Lesen hilft, Erfahrungen zu verarbeiten.<\/strong><\/p>\n\n\n\n<p class=\"has-text-align-center has-vivid-green-cyan-color has-text-color\"><strong>3. Lesen erweitert den Wortschatz.<\/strong><\/p>\n\n\n\n<p class=\"has-text-align-center has-luminous-vivid-amber-color has-text-color\"><strong>4. Lesen weckt die Lust am Lernen.<\/strong><\/p>\n\n\n\n<p class=\"has-text-align-center has-luminous-vivid-orange-color has-text-color\"><strong>5. Lesen hilft, die Noten zu verbessern.<\/strong><\/p>\n\n\n\n<p class=\"has-text-align-center has-vivid-purple-color has-text-color\"><strong>6. Lesen weitet den Blick. <\/strong><\/p>\n\n\n\n<p class=\"has-text-align-center has-text-color\" style=\"color:#8c7adc\"><strong>7. Lesen erh\u00f6ht die Aufmerksamkeit und verbessert das verbale Ged\u00e4chtnis.<\/strong><\/p>\n\n\n\n<p class=\"has-text-align-center has-text-color\" style=\"color:#e54806\"><strong>8. Lesen f\u00f6rdert die Empathie.<\/strong><\/p>\n\n\n\n<p class=\"has-text-align-center has-text-color\" style=\"color:#0699e5\"><strong>9. Lesen f\u00f6rdert die soziale Kompetenz.<\/strong><\/p>\n\n\n\n<p class=\"has-text-align-center has-text-color\" style=\"color:#06e526\"><strong>10. Lesen macht gl\u00fccklich!<\/strong><\/p>\n\n\n\n<div class=\"wp-block-image\"><figure class=\"aligncenter size-large is-resized\"><img loading=\"lazy\" decoding=\"async\" src=\"http:\/\/buchhandlung-saatgut.de\/wp-content\/uploads\/2022\/04\/IMG_0226-1024x768.jpg\" alt=\"\" class=\"wp-image-1495\" width=\"680\" height=\"510\" srcset=\"https:\/\/buchhandlung-saatgut.de\/wp-content\/uploads\/2022\/04\/IMG_0226-1024x768.jpg 1024w, https:\/\/buchhandlung-saatgut.de\/wp-content\/uploads\/2022\/04\/IMG_0226-300x225.jpg 300w, https:\/\/buchhandlung-saatgut.de\/wp-content\/uploads\/2022\/04\/IMG_0226-768x576.jpg 768w, https:\/\/buchhandlung-saatgut.de\/wp-content\/uploads\/2022\/04\/IMG_0226-1536x1152.jpg 1536w, https:\/\/buchhandlung-saatgut.de\/wp-content\/uploads\/2022\/04\/IMG_0226-2048x1536.jpg 2048w\" sizes=\"auto, (max-width: 680px) 100vw, 680px\" \/><\/figure><\/div>\n\n\n\n<figure class=\"wp-block-image size-full\"><img loading=\"lazy\" decoding=\"async\" width=\"1\" height=\"1\" src=\"http:\/\/buchhandlung-saatgut.de\/wp-content\/uploads\/2022\/03\/1x1-pixel.png\" alt=\"\" class=\"wp-image-1459\"\/><\/figure>\n\n\n\n<figure class=\"wp-block-image size-large\"><img loading=\"lazy\" decoding=\"async\" width=\"1024\" height=\"768\" src=\"http:\/\/buchhandlung-saatgut.de\/wp-content\/uploads\/2022\/02\/IMG_0205-1024x768.jpg\" alt=\"\" class=\"wp-image-1448\" srcset=\"https:\/\/buchhandlung-saatgut.de\/wp-content\/uploads\/2022\/02\/IMG_0205-1024x768.jpg 1024w, https:\/\/buchhandlung-saatgut.de\/wp-content\/uploads\/2022\/02\/IMG_0205-300x225.jpg 300w, https:\/\/buchhandlung-saatgut.de\/wp-content\/uploads\/2022\/02\/IMG_0205-768x576.jpg 768w, https:\/\/buchhandlung-saatgut.de\/wp-content\/uploads\/2022\/02\/IMG_0205-1536x1152.jpg 1536w, https:\/\/buchhandlung-saatgut.de\/wp-content\/uploads\/2022\/02\/IMG_0205-2048x1536.jpg 2048w\" sizes=\"auto, (max-width: 706px) 89vw, (max-width: 767px) 82vw, 740px\" \/><\/figure>\n\n\n\n<p><\/p>\n\n\n\n<figure class=\"wp-block-gallery columns-1 is-cropped wp-block-gallery-1 is-layout-flex wp-block-gallery-is-layout-flex\"><ul class=\"blocks-gallery-grid\"><li class=\"blocks-gallery-item\"><figure><img loading=\"lazy\" decoding=\"async\" width=\"1024\" height=\"768\" src=\"http:\/\/buchhandlung-saatgut.de\/wp-content\/uploads\/2021\/04\/IMG_0755-1024x768.jpg\" alt=\"\" data-id=\"1265\" data-full-url=\"http:\/\/buchhandlung-saatgut.de\/wp-content\/uploads\/2021\/04\/IMG_0755-scaled.jpg\" data-link=\"http:\/\/buchhandlung-saatgut.de\/?attachment_id=1265\" class=\"wp-image-1265\" srcset=\"https:\/\/buchhandlung-saatgut.de\/wp-content\/uploads\/2021\/04\/IMG_0755-1024x768.jpg 1024w, https:\/\/buchhandlung-saatgut.de\/wp-content\/uploads\/2021\/04\/IMG_0755-300x225.jpg 300w, https:\/\/buchhandlung-saatgut.de\/wp-content\/uploads\/2021\/04\/IMG_0755-768x576.jpg 768w, https:\/\/buchhandlung-saatgut.de\/wp-content\/uploads\/2021\/04\/IMG_0755-1536x1152.jpg 1536w, https:\/\/buchhandlung-saatgut.de\/wp-content\/uploads\/2021\/04\/IMG_0755-2048x1536.jpg 2048w\" sizes=\"auto, (max-width: 706px) 89vw, (max-width: 767px) 82vw, 740px\" \/><figcaption class=\"blocks-gallery-item__caption\">Wie w\u00e4r`s mit einem <em>Gutschein<\/em> ?<\/figcaption><\/figure><\/li><\/ul><\/figure>\n\n\n\n<div class=\"wp-block-group\"><div class=\"wp-block-group__inner-container is-layout-flow wp-block-group-is-layout-flow\">\n<figure class=\"wp-block-image size-large\"><\/figure>\n<\/div><\/div>\n\n\n\n<div class=\"wp-block-group\"><div class=\"wp-block-group__inner-container is-layout-flow wp-block-group-is-layout-flow\"><\/div><\/div>\n\n\n\n<p>&nbsp;<\/p>\n","protected":false},"excerpt":{"rendered":"<p>Londji steht f\u00fcr einzigartige Designs Die spanische Marke Londji hat sich durch besonders kreativ gestaltete Puzzles, Brettspiele und Kartenspiele einen Namen gemacht. Die Illustrationen begeistern mit gro\u00dfer Liebe zum Detail und heben sich unverwechselbar von anderen Marken ab. Die Motive sind herrlich verr\u00fcckt und mit viel Liebe zauberhaft illustriert. Das beginnt bei Londji immer schon &hellip; <\/p>\n<p class=\"link-more\"><a href=\"https:\/\/buchhandlung-saatgut.de\/?page_id=197\" class=\"more-link\"><span class=\"screen-reader-text\">\u201eAktuelles\u201c<\/span> weiterlesen<\/a><\/p>\n","protected":false},"author":1,"featured_media":0,"parent":0,"menu_order":0,"comment_status":"closed","ping_status":"closed","template":"","meta":{"footnotes":""},"class_list":["post-197","page","type-page","status-publish","hentry"],"_links":{"self":[{"href":"https:\/\/buchhandlung-saatgut.de\/index.php?rest_route=\/wp\/v2\/pages\/197","targetHints":{"allow":["GET"]}}],"collection":[{"href":"https:\/\/buchhandlung-saatgut.de\/index.php?rest_route=\/wp\/v2\/pages"}],"about":[{"href":"https:\/\/buchhandlung-saatgut.de\/index.php?rest_route=\/wp\/v2\/types\/page"}],"author":[{"embeddable":true,"href":"https:\/\/buchhandlung-saatgut.de\/index.php?rest_route=\/wp\/v2\/users\/1"}],"replies":[{"embeddable":true,"href":"https:\/\/buchhandlung-saatgut.de\/index.php?rest_route=%2Fwp%2Fv2%2Fcomments&post=197"}],"version-history":[{"count":285,"href":"https:\/\/buchhandlung-saatgut.de\/index.php?rest_route=\/wp\/v2\/pages\/197\/revisions"}],"predecessor-version":[{"id":2010,"href":"https:\/\/buchhandlung-saatgut.de\/index.php?rest_route=\/wp\/v2\/pages\/197\/revisions\/2010"}],"wp:attachment":[{"href":"https:\/\/buchhandlung-saatgut.de\/index.php?rest_route=%2Fwp%2Fv2%2Fmedia&parent=197"}],"curies":[{"name":"wp","href":"https:\/\/api.w.org\/{rel}","templated":true}]}}